0417 is divided by 14820.
14597
What is the remainder when 20510 is divided by 5778?
3176
What is the remainder when 3163804 is divided by 472?
460
Calculate the remainder when 3273854 is divided by 4677.
4631
Calculate the remainder when 5543560 is divided by 161.
8
Calculate the remainder when 132729 is divided by 3403.
12
Calculate the remainder when 135148 is divided by 33489.
1192
Calculate the remainder when 1322579 is divided by 12717.
11
Calculate the remainder when 15737102 is divided by 9848.
9846
Calculate the remainder when 1597532 is divided by 5088.
4988
What is the remainder when 60750 is divided by 19642?
1824
Calculate the remainder when 6624435 is divided by 116218.
9
What is the remainder when 108455686 is divided by 72?
70
What is the remainder when 409376 is divided by 2494?
360
Calculate the remainder when 1993285 is divided by 33781.
206
Calculate the remainder when 263488 is divided by 29274.
22
What is the remainder when 341971 is divided by 5417?
700
Calculate the remainder when 20799 is divided by 935.
229
Calculate the remainder when 86932 is divided by 83666.
3266
Calculate the remainder when 293418 is divided by 26.
8
What is the remainder when 13329749 is divided by 7?
6
What is the remainder when 5987720 is divided by 84?
32
What is the remainder when 700916 is divided by 401?
369
What is the remainder when 5604277 is divided by 1355?
1352
What is the remainder when 27124844 is divided by 48?
44
Calculate the remainder when 756674 is divided by 2780.
514
What is the remainder when 95556 is divided by 117?
84
Calculate the remainder when 802032 is divided by 89112.
24
What is the remainder when 400949238 is divided by 348?
342
What is the remainder when 75776 is divided by 8561?
7288
Calculate the remainder when 18881184 is divided by 1087.
1081
Calculate the remainder when 989454071 is divided by 75.
71
Calculate the remainder when 1800628 is divided by 599861.
1045
What is the remainder when 86938510 is divided by 16?
14
What is the remainder when 251004 is divided by 1709?
1490
What is the remainder when 10069335 is divided by 976?
919
Calculate the remainder when 149872 is divided by 11280.
3232
Calculate the remainder when 57835022 is divided by 2608.
14
What is the remainder when 4203361 is divided by 1460?
21
What is the remainder when 1774868 is divided by 147901?
56
Calculate the remainder when 7467 is divided by 1553.
1255
What is the remainder when 71453 is divided by 4740?
353
What is the remainder when 5812389 is divided by 581190?
489
Calculate the remainder when 150561681 is divided by 126.
123
What is the remainder when 799746 is divided by 373?
34
What is the remainder when 20957 is divided by 501?
416
Calculate the remainder when 10159837 is divided by 236.
37
Calculate the remainder when 1966031 is divided by 393193.
66
What is the remainder when 21068836 is divided by 10534412?
12
What is the remainder when 65939 is divided by 9382?
265
What is the remainder when 704371 is divided by 140872?
11
Calculate the remainder when 94371111 is divided by 102.
99
What is the remainder when 104773163 is divided by 805?
803
What is the remainder when 100454 is divided by 678?
110
What is the remainder when 61888299 is divided by 211?
100
What is the remainder when 6836952 is divided by 17851?
19
What is the remainder when 31406167 is divided by 42?
37
Calculate the remainder when 1650874 is divided by 206.
196
What is the remainder when 177305892 is divided by 1395?
1392
What is the remainder when 4211685 is divided by 247736?
173
Calculate the remainder when 593597 is divided by 994.
179
What is the remainder when 163774 is divided by 5422?
1114
Calculate the remainder when 7520641 is divided by 1504110.
91
What is the remainder when 2285926 is divided by 99382?
140
Calculate the remainder when 682607 is divided by 341249.
109
What is the remainder when 16906921 is divided by 85?
81
What is the remainder when 120750 is divided by 711?
591
Calculate the remainder when 41241520 is divided by 29.
11
Calculate the remainder when 40666245 is divided by 3128169.
48
What is the remainder when 74285 is divided by 1652?
1597
Calculate the remainder when 1391209 is divided by 347767.
141
Calculate the remainder when 9949607 is divided by 491.
474
What is the remainder when 81008930 is divided by 1887?
20
What is the remainder when 24450561 is divided by 13924?
17
Calculate the remainder when 6834732 is divided by 15969.
0
Calculate the remainder when 119481290 is divided by 17068754.
12
Calculate the remainder when 20668842 is divided by 34107.
0
What is the remainder when 7018101 is divided by 1117?
1107
What is the remainder when 1857580 is divided by 109206?
1078
What is the remainder when 10234499 is divided by 77?
44
What is the remainder when 338865 is divided by 68?
21
What is the remainder when 5747703 is divided by 163?
160
What is the remainder when 143103 is divided by 34796?
3919
Calculate the remainder when 406001 is divided by 9.
2
What is the remainder when 26749476 is divided by 177?
174
Calculate the remainder when 88558 is divided by 5515.
318
What is the remainder when 64260 is divided by 31079?
2102
Calculate the remainder when 132244 is divided by 1511.
787
What is the remainder when 35223 is divided by 8568?
951
What is the remainder when 8302210 is divided by 1186026?
28
Calculate the remainder when 1013666 is divided by 294.
248
What is the remainder when 1029178 is divided by 805?
388
What is the remainder when 1537733 is divided by 512508?
209
Calculate the remainder when 3644720 is divided by 5352.
8
Calculate the remainder when 11812344 is divided by 10.
4
Calculate the remainder when 207088 is divided by 497.
336
What is the remainder when 635467 is divided by 37332?
823
Calculate the remainder when 14062 is divided by 541.
537
What is the remainder when 101459 is divided by 50697?
65
What is the remainder when 5129471 is divided by 1709822?
5
What is the remainder when 365358 is divided by 406?
364
What is the remainder when 972934207 is divided by 2504?
2503
What is the remainder when 78949 is divided by 888?
805
Calculate the remainder when 821632 is divided by 984.
976
Calculate the remainder when 122166 is divided by 7715.
6441
What is the remainder when 399152 is divided by 24?
8
What is the remainder when 749961 is divided by 482?
451
Calculate the remainder when 814181 is divided by 67833.
185
What is the remainder when 5254395 is divided by 1078?
223
Calculate the remainder when 19004367 is divided by 76.
35
What is the remainder when 752105 is divided by 141?
11
Calculate the remainder when 4258479 is divided by 785.
639
What is the remainder when 3023637 is divided by 114?
15
What is the remainder when 10576257 is divided by 1763?
20
Calculate the remainder when 65462618 is divided by 5.
3
What is the remainder when 1814693 is divided by 1183?
1154
What is the remainder when 286578 is divided by 4697?
61
Calculate the remainder when 297431 is divided by 1461.
848
What is the remainder when 70680041 is divided by 4144?
4121
What is the remainder when 44604 is divided by 314?
16
Calculate the remainder when 11599982 is divided by 213.
2
Calculate the remainder when 194620 is divided by 97306.
8
Calculate the remainder when 68557 is divided by 8407.
1301
Calculate the remainder when 86169947 is divided by 4787218.
23
What is the remainder when 1293489 is divided by 28?
1
Calculate the remainder when 2603980 is divided by 44134.
74
What is the remainder when 156788 is divided by 1869?
1661
What is the remainder when 9541067 is divided by 2385247?
79
What is the remainder when 1016839 is divided by 27?
19
Calculate the remainder when 197894140 is divided by 558.
556
What is the remainder when 67924 is divided by 59649?
8275
Calculate the remainder when 4477836 is divided by 526.
524
What is the remainder when 457582 is divided by 151252?
3826
Calculate the remainder when 17780 is divided by 24.
20
What is the remainder when 427367 is divided by 1163?
546
Calculate the remainder when 9812384 is divided by 215.
214
What is the remainder when 1173446 is divided by 1524?
1490
What is the remainder when 4920653 is divided by 4920647?
6
What is the remainder when 1260596 is divide